test common factor of 297 and o.
33
Suppose 24 = 2*t + 3*w, 27 + 21 = 4*t + 2*w. What is the greatest common divisor of t and 96?
12
Suppose -4*f - 18 = -3*l + 290, 0 = -4*l - 3*f + 369. Suppose 3 - 17 = -t. Suppose 2 = -z + t. Calculate the highest common factor of l and z.
12
Let u = 106 + -56. Calculate the highest common factor of u and 125.
25
Let l(w) = -w - 7. Let m(c) = -1. Let d(i) = -2*l(i) + 10*m(i). Let x be d(5). Suppose -a + x = -41. What is the greatest common factor of a and 11?
11
Suppose -x + 24 = r - 9, -r - 2*x = -36. What is the highest common factor of 20 and r?
10
Suppose z = 2*w - 14, z + 2*z = -w - 7. Calculate the highest common factor of 35 and w.
5
Let j be 9/1*7/(-21). Let z be -2*76/(-8) - j. What is the greatest common factor of 55 and z?
11
Let t be 14 + (5 + -4 - -3). Calculate the highest common factor of 6 and t.
6
Suppose -7*i + 3*i + 12 = 0. Let h(o) = 2*o**2 - 5*o + 4. Let x be h(i). Suppose -21 = -2*q - x. What is the greatest common divisor of q and 56?
7
Let c = 8 - 10. Let i = 0 - c. Suppose -3*l = -a - 6*l + 196, 2*a = i*l + 424. Calculate the highest common divisor of a and 26.
26
Let z(h) = -h**2 - 6*h + 5. Let i be z(-5). Suppose 0 = -b + a + 85, 0 = b - 2*a - 22 - 62. Let s = 166 - b. What is the greatest common divisor of i and s?
10
Let z(j) = j**3 - 4*j**2 - 4*j + 4. Let d be z(5). Let k be (-1)/2 + 2/4. Suppose -3*n + n + 6 = k. What is the greatest common factor of d and n?
3
Let n be 174/5 - 2/(-10). Suppose 2*d = n + 97. Calculate the greatest common factor of 6 and d.
6
Let r = -233 - 37. Let x be r/(-4) + 2/(-4). Suppose -4*b + s = -x, -4*b + 56 = -3*s - 1. Calculate the greatest common factor of 36 and b.
18
Let n be 312/(-15)*(-4 + -1). Let h(t) = t**2 + t. Let g be h(-1). Suppose g*x = x - 13. Calculate the highest common factor of n and x.
13
Let r = -14 + 18. What is the highest common divisor of r and 36?
4
Let u = 10 + -7. Suppose -16 = -4*v, -u*j - 5*v = -53 - 156. Suppose 7*h = 9*h - 18. Calculate the greatest common divisor of h and j.
9
Suppose -9*v + 390 = 4*v. What is the greatest common factor of 210 and v?
30
Let q = 43 + -6. Suppose p + y - q = -p, -p = -3*y - 15. Suppose -2*h + 5*m = -0*h - p, 0 = -m. Calculate the highest common divisor of h and 36.
9
Suppose 4*m - 26 = 2*q, -3*q + q - 5*m = 35. Let f = q + 43. Calculate the highest common divisor of f and 140.
28
Suppose 0 = -2*h + 8 + 4. Let g(l) = 3*l**2 - 3. Let x be g(-3). What is the greatest common factor of x and h?
6
Let r(l) = 5*l**2 - l - 2. Let d be r(-1). Calculate the highest common factor of 108 and d.
4
Let r = 435 + -253. What is the greatest common factor of r and 26?
26
Let p(y) = -4 - 3 + 0*y**2 + 3 + y**2. Let o be (-57)/21 + 4/(-14). Let f be p(o). What is the highest common divisor of f and 25?
5
Suppose 0 = -0*h - 6*h + 522. Calculate the highest common factor of 58 and h.
29
Suppose -9*h = -4*h - 10. Let l = h - -16. Suppose 0 = -y + c + 4, 3*y - c - 5 = -5*c. What is the greatest common factor of y and l?
3
Suppose 3*h + 2 + 1 = 0, -4*h = f. Suppose 3*a + 5*b = 4*a + f, 0 = -2*a + 2*b. What is the greatest common divisor of 1 and a?
1
Suppose 2*w + 3*w - 200 = 0. Let t(b) = 0*b + b + b - 3*b + 1. Let z be t(-4). Calculate the greatest common divisor of w and z.
5
Let z be (2 - (-15)/(-3))*-1. Let f(y) = -y**2 + y + 6. Let u be f(0). Let h = -3 + u. What is the greatest common factor of z and h?
3
Let r be (-3 + 16/6)*-849. Suppose l - 38 = -g, -5*l = -4*g + r - 95. Calculate the greatest common factor of 14 and g.
14
Let g(i) be the third derivative of i**4/12 + 5*i**3/2 - 4*i**2. Let q be g(-7). Calculate the greatest common factor of 7 and q.
1
Let l be (-4)/((-8)/4) - -4. Let a be 84*(-2 + 5/2). What is the highest common divisor of a and l?
6
Let q(j) be the third derivative of -j**6/120 - 7*j**5/60 - j**4/24 - 6*j**2. Let h be q(-7). Calculate the greatest common factor of 77 and h.
7
Suppose 11*g - 8*g = 675. Let w = 16 + 9. What is the greatest common divisor of w and g?
25
Suppose 3*g = -0*g + 60. Suppose 11*u + 12 = 15*u. Suppose u*q - 960 = -3*q. Calculate the highest common divisor of q and g.
20
Suppose 0 = -2*n, -2 - 4 = -2*z + 4*n. Suppose -362 = -2*v + 2*q, -z*v - 3*q + 564 = q. What is the highest common divisor of v and 23?
23
Let c(l) = -l**3 + 9*l**2 - 6*l + 4. Let v be c(4). Suppose 5*s = 10*s - v. Calculate the greatest common divisor of s and 36.
12
Suppose 2*g - 3*k - 35 = -2*g, -2*k = -2*g + 18. Calculate the highest common factor of g and 4.
4
Let k = 27 - 15. Let f = 83 - 35. What is the highest common divisor of k and f?
12
Let q be (-2 + 32)*(-6)/(-12). What is the highest common factor of 45 and q?
15
Suppose 0 = 5*b - 3*a - 65, 0 = -0*b + 4*b - 4*a - 60. Let m be -1 - 0 - 1/1. Let j be ((-25)/m)/(1/2). Calculate the greatest common divisor of b and j.
5
Suppose -18*a + 286 = -38. Suppose -5*v + 20 = -25. What is the highest common factor of a and v?
9
Suppose 0 = -3*s + 50 + 28. Let y(b) = b**3 - b**2 - 6*b - 5. Let x be y(5). What is the highest common divisor of x and s?
13
Let z(p) = 24*p**2 - 6*p - 2. Let w be z(-3). What is the highest common divisor of w and 29?
29
Let r be (-18)/(-12)*2 + (-2 - -4). What is the greatest common factor of 40 and r?
5
Suppose 2*f = 3*s - 1, -3*f + 12 - 4 = 5*s. Let v be 34 + (-3)/(-3) + s. Calculate the greatest common factor of v and 24.
12
Let i(w) = w**3 - w**2 + 67. Let q be i(0). Let r be q - (2 - -2)/(-2). Calculate the greatest common divisor of 46 and r.
23
Suppose 3*i - 17 = 82. Let g be (-1 + 0 - -2)*(-1 - -12). Calculate the highest common divisor of g and i.
11
Let f = -47 - -59. What is the highest common divisor of f and 20?
4
Suppose l + 2 = -b, 0 = -5*b + 3*l - 0*l + 14. What is the highest common factor of 6 and b?
1
Suppose -317 = 4*y - 3*c, 4*y = -5*c - 0*c - 325. Let a = y - -119. What is the greatest common divisor of 13 and a?
13
Suppose -71 = -4*y - b + 148, -87 = -2*y - 5*b. What is the greatest common factor of y and 8?
8
Suppose -6*g + g + 40 = 0. Calculate the greatest common divisor of 32 and g.
8
Suppose 4*a - 77 - 19 = 0. Let g(c) = -8*c + 4. Let w be g(-1). What is the greatest common factor of a and w?
12
Suppose 2*s - 13 = 59. What is the greatest common divisor of s and 54?
18
Let t = 4 - 3. Suppose -14*x = -0*x - 154. What is the highest common factor of x and t?
1
Let i(m) = -m**3 + 6*m**2 + 3*m - 7. Let w be i(6). Let b be 4/(-6)*990/(-12). What is the greatest common divisor of b and w?
11
Let m be (-5 + 17)/(2/18). What is the highest common factor of m and 24?
12
Let m = -81 - -87. Calculate the greatest common factor of 66 and m.
6
Suppose -5*q + 1 = -34. Calculate the greatest common factor of 7 and q.
7
Let h be 24/6*(0 + 1). Let l = 11 + h. Suppose -2*f + l = 4*x - 11, 2*f = x + 6. What is the highest common divisor of x and 36?
4
Let u be 2/10 - 39/(-5). Let z be 18/(-24)*192/(-2). What is the highest common factor of u and z?
8
Let w(u) = -11*u**3 - 1. Let c be w(-1). Let s be (-10)/(-5) - 8/2. Let m be 2 - (s - (-1 + 12)). Calculate the greatest common factor of m and c.
5
Suppose d + 5*x - 2*x - 4 = 0, 4*x - 1 = 3*d. Let a be 8/16 - d/2. Suppose 0*z + 2*z - 104 = a. What is the highest common factor of z and 13?
13
Let o = -492 - -515. Let m = -197 - -450. Calculate the greatest common divisor of m and o.
23
Let s be 580/6*6/5. Let d = 180 - s. Calculate the greatest common factor of 8 and d.
8
Suppose c + 132 = 2*c. What is the highest common factor of 12 and c?
12
Let v(d) = -43*d - 6. Let z be v(-2). Let p be (-8)/(-1)*(1 - 0). Calculate the highest common factor of z and p.
8
Let d = 6 - 5. Let l be d + 0/((-3)/(-3)). What is the greatest common divisor of 3 and l?
1
Suppose o - 20 = -2*y + 6, -o + 44 = -4*y. Let q = o - 20. Let n = -4 + q. Calculate the highest common factor of n and 16.
8
Let w be 9/1 + (-21)/7. What is the greatest common factor of w and 48?
6
Suppose -4 = -5*f + 31. Suppose 0 = 5*o - 2 + f, -5*t + 527 = -2*o. Calculate the greatest common factor of t and 42.
21
Suppose -4*x + 109 = -27. Suppose -x + 94 = n. Suppose 4*p + 4*z - 23 = 25, 0 = 4*p - 3*z - 69. What is the greatest common divisor of n and p?
15
Suppose w - 4 = 33. Let z = w - 19. Calculate t